 5*x + 12 = 3*v - 10, 5*x + 24 = v. Let h be (-3 + 0 + 2)/v. Let w(g) = h + 2*g**2 - 4 + 0*g**2 - g**2 - 5*g. Calculate w(5).
-3
Let a(h) = -h + 3. Let t(c) = -c - 5. Let m be t(-12). Give a(m).
-4
Suppose -45 = -4*r - 1. Suppose -3*f - r = 1. Let l(c) = -2*c**2 - 6*c. What is l(f)?
-8
Let l(x) = 5*x - 31. Let i be l(7). Let m be (-1)/((-4)/32)*2/i. Let d(q) = -q**2 + 5*q. Determine d(m).
4
Suppose 0 = 3*y + 2*g + g, -2*y + 12 = -4*g. Let k(m) = -2*m - 2 + 2*m**3 + 2*m**y - m**2 + m**2. Suppose 15*a - 14 = 22*a. What is k(a)?
-6
Let r(g) be the first derivative of g**4/2 - g**3 + g**2 - 661. Determine r(2).
8
Let d(k) = k**3 - 3*k**2 - 3*k + 3. Let q = -129 - -52. Let v = -74 - q. Calculate d(v).
-6
Let o(v) = -7*v + 1. Let d(n) = 4*n**2 - 4*n + 3. Let g be d(2). Let m(z) = z**2 - g + 6*z**2 + z**3 - 13*z + 4*z**2. Let x be m(-12). Calculate o(x).
-6
Let g be 5/(((-7)/(-2))/7). Suppose -g = y - 6. Let h be ((-56)/(-70))/(y/10). Let k(b) = -b - 1. What is k(h)?
1
Let w(p) = 3*p**2 + 3*p - 26. Let b(q) = q**2 + q. Let x(d) = -4*b(d) + w(d). Determine x(0).
-26
Let w(p) = p**3 - 6*p**2 + p. Suppose 3*c + 3*x - 69 = 0, -3*x = -c - 5*x + 26. Let d(o) = -3*o + 1. Let m be d(-1). Suppose 4 + c = m*u. Calculate w(u).
6
Let k(w) be the second derivative of -5/6*w**3 - 17*w - 1/12*w**4 + 0 + 7/2*w**2. Determine k(-6).
1
Let m(k) = -2*k + 7. Suppose -5*s - 5 = 5*t, 4*t - 3*s = -2*s - 4. Let l = 4 - t. What is m(l)?
-3
Let j(a) be the first derivative of a**4/4 - 7*a**3/3 + a**2/2 - a + 470. Let f = -14 + 25. Let g = f - 4. Calculate j(g).
6
Let d(u) = -2 + 18*u - 31*u + 19*u. Calculate d(-4).
-26
Let l(q) = 9*q + 11. Let j(x) = 4*x + 5. Let o(i) = 7*j(i) - 3*l(i). Let m be ((-2)/4)/1*-4. Give o(m).
4
Let p(q) be the second derivative of q**6/120 - q**5/12 + 7*q**3/6 - 5*q**2 - 7*q. Let i(r) be the first derivative of p(r). Calculate i(5).
7
Let s be 816/(-168) - (-36)/42. Suppose 4*g = 2*g + 6. Let u(h) = 3 - g + 1 - h. Calculate u(s).
5
Suppose 3*k + 40 = r, 4*r - 3*k = -r + 188. Let c = -36 + r. Let m(z) = 13*z**2 - 1 - z + 1 - 5*z**2. Determine m(c).
7
Let o(t) be the third derivative of -t**6/120 - t**5/15 - t**4/8 + t**3/2 - 327*t**2. Determine o(-3).
3
Let x(p) = p**2 - p + 10. Suppose 6*h - 190 = -40. Suppose -k = 5*u + 5, -6*u = -2*u - 5*k - h. Calculate x(u).
10
Let s(u) = 9 - 18 + 21 - 5*u + 12 + 9. Give s(7).
-2
Suppose 3*a + 6 + 6 = 0, -a - 59 = -5*c. Let n(h) = -4*h**2 + 12*h**2 + 1 - c*h**2 + 2*h**3. Let o(f) = -f**3 - f**2 + 2*f + 2. Let q be o(-2). Determine n(q).
5
Suppose -x + 3*x = -12. Let s = -80 + 84. Let o(c) = -s - 4*c + 2 + 3*c - 4. What is o(x)?
0
Let z(x) be the second derivative of -x**3/6 + 4*x**2 - 2*x + 117. Give z(17).
-9
Let y be 3/(-1)*32/(-48). Suppose 4*n = -8, 0 = 2*x - y*n - 24 + 2. Let h(v) = -8*v - x + 2 + 6. What is h(1)?
-9
Let t(d) = d**3 + 6*d**2 + 4*d - 2. Let q = 181 + -186. Give t(q).
3
Let g(z) be the first derivative of z**6/360 + z**5/120 - z**4/6 + 14*z**3/3 + 15. Let c(u) be the third derivative of g(u). Give c(3).
8
Let b(v) = v**3 - 4*v**2 + 4. Let o = 444 + -440. Give b(o).
4
Let v(x) = 5*x + 4 - 7*x - 4*x. Let b(h) = -h**3 + h**2 + 6*h + 3. Let z be b(3). What is v(z)?
-14
Let m(z) = 10*z + 1. Suppose -39*u + 78 = -78. Determine m(u).
41
Let a(s) = -5*s**2 + 252 + s**3 + 15*s - 281 + 23*s**2. What is a(-17)?
5
Suppose -4*h = -4*v - 36, 7*v = -h + 5*v - 6. Let j(t) = -t + 4. Let r be j(0). Let u(l) = -5 + h*l + l - r*l - 3*l. Give u(-6).
7
Let b = 11 - 8. Let a = -332 - -334. Suppose -12 = -d + b*c, -d = 4*c - a + 4. Let y(m) = m**2 - 4*m - 6. Give y(d).
6
Let w be 2 - -10 - (0 - -4). Suppose 6*k = w*k - 4. Let y(v) = -v**2 + 3*v**2 - 3*v**2 + 6 + v + 2*v**k. Determine y(0).
6
Let j(k) = 16*k**2 + k. Let u = 26 - 16. Let z = 6 + u. Suppose 6*h - 3*h = q + z, 0 = -4*q - h + 1. Calculate j(q).
15
Let c(d) = 13*d**3 + d. Let u(x) = x**3 - 6*x**2 + 3*x - 15. Let q be u(6). Let v be (-5 - -3 - 1)/q. Calculate c(v).
-14
Let c(v) be the first derivative of -2*v**2 + 20*v + 156. Give c(4).
4
Let z(t) be the first derivative of t**2 - 2*t + 1. Let o(u) = u**2 + 6*u + 14. Let d be o(-7). Let q(n) = -2*n + 37. Let b be q(d). Calculate z(b).
-12
Let o = 15 + -10. Let r = 1 + o. Let c(v) = v**2 - v. Let s(b) = -3*b**2 + 9*b - 6. Let m(w) = -2*c(w) - s(w). Give m(r).
0
Suppose 25 = -4*y - y. Let a(r) be the third derivative of -r**5/60 - r**4/6 + r**3/6 + r**2 - 233*r. Determine a(y).
-4
Let s(o) = 8*o + 43. Let p be s(-5). Let n(i) = 8*i - 4. What is n(p)?
20
Let p(m) be the second derivative of -m**5/10 + m**4/12 - m**2/2 + 9*m + 24. Determine p(2).
-13
Let d(w) be the first derivative of 1/2*w**4 + 6 - 2*w + 0*w**2 + 0*w**3. Suppose 0 = 2*b + 3*s + s - 16, -s = -3. Calculate d(b).
14
Suppose -4*w = 5*r + 51, -4*w - 3 = 13. Let l(d) = -d**3 - 7*d**2 - 6. Calculate l(r).
-6
Let x be (0/(-3) + 9)/1. Let l = -6 + x. Let b(p) = 2 - p**2 + 0 - l - 3*p. Determine b(-4).
-5
Let m = -8 - -7. Let t = m - -7. Let k(g) = -10*g - g + 8 + 7*g. What is k(t)?
-16
Suppose 0*q = -4*t + 3*q + 10, q + 2 = t. Let h(p) = 6*p - 3*p - 5*p + p - t. Determine h(-7).
3
Let a(o) = 277 - 277 - 2*o. Let b be ((-8)/(-16))/(2/(-8)). What is a(b)?
4
Let v(z) = 13*z - 10. Let b(q) = -6*q - 1. Let w(g) = -2*b(g) - v(g). Give w(9).
3
Let s(c) = 4*c**3 - c**2 + 3*c + 4. Let a be s(-2). Let m = a + 41. Let h(z) = z**3 - 4*z**2 + 2*z + 3. Calculate h(m).
0
Let x(a) = -2*a**3 + 5*a**2 - 3. Let z(p) = -p**3 + p**2 + 2*p. Let k(u) = -x(u) + z(u). What is k(3)?
0
Let z = -384 - -387. Let x(o) = -o + 5. What is x(z)?
2
Let p(a) = 3*a + 3. Let h(n) = 1. Let i(m) = 2*m**3 + 2*m**2 - 2*m + 1. Let t be i(1). Let s(g) = t*h(g) - p(g). Calculate s(4).
-12
Let v(y) = -y - 15. Let h be (-1 - -6)*45/(-25). Determine v(h).
-6
Let x(s) = s**3 - 6*s**2 + 6*s - 7. Let u(k) = -4*k + 24. Let n be u(4). Let r be ((-20)/n)/(3/(-6) + 0). What is x(r)?
-2
Let l be (-18)/(-3) - (1 - -2). Let f(h) = -1 + 4*h - l*h - 2*h. Suppose 15 = -5*x + 5*c, -2*x + 3*c = -0 + 6. Determine f(x).
2
Suppose 26*z + 75 = 361. Let w(i) = -i - 7. What is w(z)?
-18
Suppose -10*g - n + 5 = -7*g, -5*g - 25 = -5*n. Let l(k) = k**2 - 5. What is l(g)?
-5
Let k = -1 + 1. Let q(o) = 3*o**3 - 5*o**2 - o - 9. Let t(n) = 3*n + 88. Let z be t(-28). Let s(u) = -u**3 + u**2 + 1. Let a(p) = z*s(p) + q(p). Give a(k).
-5
Let v(s) = -46*s - 1. Let i(n) = -n**3 + 4*n**2 - 8. Let w be i(3). Calculate v(w).
-47
Let w(i) = -i**2 - i. Let o(p) = p**3 - 7*p**2 - 5*p + 1. Let m(k) = -o(k) + 4*w(k). Give m(4).
-13
Let z(m) = m**2 + 4*m + 6. Let v(q) = q**2 + 12*q + 2. Let r be v(-12). Let h = -59 - -54. Let b be h/((-5)/(-2)) - r. Calculate z(b).
6
Let z = 21 + -15. Let r(a) = -2*a - 3*a + 4*a + z. What is r(0)?
6
Suppose 40 = 2*o + 2*o. Suppose o = -2*f, -4*r - f - 5 = 20. Let n = r - -11. Let a(i) = i**2 - 5*i - 6. What is a(n)?
0
Suppose -4*c + 4*j + 24 = -c, 0 = 4*c + 2*j - 32. Let d(r) = r**3 - 8*r**2 + r - 8. Let x be d(c). Suppose x = -6*m - 3*m - 9. Let q(i) = 7*i. Calculate q(m).
-7
Let b(u) = u + 2. Let z be 4 + -8 - (-22)/2. Suppose -z*j - 30 = -2*j. Calculate b(j).
-4
Let u(l) = -l + 4. Let c = -12 - -16. Let w = -4 + c. Suppose w = 2*g + g + 9. Calculate u(g).
7
Let x(k) = -512*k**2 - 4 - 8*k + 5*k**3 + 519*k**2 - 4*k**3. Determine x(-8).
-4
Let v = 33/23 + 3/46. Let d(l) be the second derivative of 1/3*l**3 - v*l**2 + 0 - 5*l. What is d(4)?
5
Let u(c) = 3 - c**3 + 2*c + 18*c**2 + 12*c**2 + 16*c**2 - 52*c**2 + 4*c. Determine u(-7).
10
Let b(g) = 1 - 6 - g**2 - 2*g**3 + 2*g + 3*g**3 - 6*g**2. Suppose 26 = 2*n + 3*v, -n + 3*v - 14 + 9 = 0. What is b(n)?
9
Let r(p) be the first derivative of -p**3/3 + 3*p**2 + 14*p + 118. Determine r(8).
-2
Let o(k) be the first derivative of k**4/12 + 7*k**2/2 - 3*k + 3. Let a(d) be the first derivative of o(d). Let b be (-1 + (-4)/(-4))/((-2)/1). Calculate a(b).
7
Let m(y) = 6*y**2 - y - 9. Let w be m(3). Let u be (-222)/w + (-6)/(-21). Let n(a) = -a**2 - 6*a + 7. What is n(u)?
12
Suppose 20 = -5*z - u, z + 3*u + 13 = -5. Let g(x) = -2*x - 6. Calculate g(z).
0
Let d = -516 - -522. Let s(a) = a**3 - 5*a**2 - 5*a - 8. Give s(d).
-2
Let l be 2*4/(-8)*-7. Let z be 3 - (-6 + 4)/(-2). Let u(j) = -8 + j**3 + j - 6 + 4 - 7*j**z. Determine u(l).
-3
Let t(u) = -6 + 3*u + 4 - 6 - 